{"id":1391,"date":"2022-08-21T17:42:30","date_gmt":"2022-08-21T17:42:30","guid":{"rendered":"https:\/\/ktsmetalltechnik.hu\/?page_id=1391"},"modified":"2024-12-15T19:23:55","modified_gmt":"2024-12-15T19:23:55","slug":"hirek","status":"publish","type":"page","link":"https:\/\/ktsmetalltechnik.hu\/?page_id=1391","title":{"rendered":"H\u00edrek"},"content":{"rendered":"<!-- wp:themify-builder\/canvas \/-->\n\n<!--themify_builder_static--><h3><br\/>2024.12.11.<\/h3>\n<h2>Kit\u00fcntet\u0151 oklev\u00e9l<br\/>Pal\u00f3cf\u00f6ld gazdas\u00e1g\u00e1\u00e9rt<\/h2>\n<img decoding=\"async\" loading=\"lazy\" width=\"1810\" height=\"2560\" src=\"https:\/\/ktsmetalltechnik.hu\/wp-content\/uploads\/2024\/12\/Oklevel-Palocfold-gazdasagaert0001-00-scaled.jpg\" title=\"Oklev\u00e9l Pal\u00f3cf\u00f6ld gazdas\u00e1g\u00e1\u00e9rt0001-00\" alt=\"Oklev\u00e9l Pal\u00f3cf\u00f6ld gazdas\u00e1g\u00e1\u00e9rt0001-00\" srcset=\"https:\/\/ktsmetalltechnik.hu\/wp-content\/uploads\/2024\/12\/Oklevel-Palocfold-gazdasagaert0001-00-scaled.jpg 1810w, https:\/\/ktsmetalltechnik.hu\/wp-content\/uploads\/2024\/12\/Oklevel-Palocfold-gazdasagaert0001-00-212x300.jpg 212w, https:\/\/ktsmetalltechnik.hu\/wp-content\/uploads\/2024\/12\/Oklevel-Palocfold-gazdasagaert0001-00-724x1024.jpg 724w, https:\/\/ktsmetalltechnik.hu\/wp-content\/uploads\/2024\/12\/Oklevel-Palocfold-gazdasagaert0001-00-768x1086.jpg 768w, https:\/\/ktsmetalltechnik.hu\/wp-content\/uploads\/2024\/12\/Oklevel-Palocfold-gazdasagaert0001-00-1086x1536.jpg 1086w, https:\/\/ktsmetalltechnik.hu\/wp-content\/uploads\/2024\/12\/Oklevel-Palocfold-gazdasagaert0001-00-1448x2048.jpg 1448w\" sizes=\"auto, (max-width: 1810px) 100vw, 1810px\" \/>\n<a href=\"https:\/\/www.facebook.com\/KtsMetalltechnikKft\" rel=\"noopener\" target=\"_blank\"> <em style=\"background-color: #bdd9fd;color: #2a3e59\"><svg aria-hidden=\"true\"><use href=\"#tf-ti-facebook\"><\/use><\/svg><\/em> K\u00f6vessetek be minket: <\/a> <a href=\"https:\/\/ktsmetalltechnik.hu\/\" rel=\"noopener\" target=\"_blank\"> <em style=\"background-color: #bdd9fd;color: #2a3e59\"><svg aria-hidden=\"true\"><use href=\"#tf-fab-youtube\"><\/use><\/svg><\/em> <\/a>\n<h3><br\/>2023.09.30.<\/h3>\n<h2>Projekteredm\u00e9nyek<br\/>GINOP Plusz-1.2.1-21-2021-03582<\/h2>\n<p><strong>\u201eKomplex technol\u00f3gia fejleszt\u00e9s megval\u00f3s\u00edt\u00e1sa a KTS METALLTECHNIK Kft.-n\u00e9l\u201d<\/strong><\/p> <p>2023. szeptember 30-\u00e1n befejez\u0151d\u00f6tt az Eur\u00f3pai Uni\u00f3 \u00e9s a Magyar Korm\u00e1ny t\u00e1mogat\u00e1s\u00e1val a Sz\u00e9chenyi Terv Plusz programon bel\u00fcl ind\u00edtott GINOP Plusz-1.2.1-21-2021-03582 projekt\u00fcnk.<br>Nagy lend\u00fclettel \u00e9s sok munk\u00e1val vetett\u00fck bele magunkat 2022-ben a p\u00e1ly\u00e1zat megval\u00f3s\u00edt\u00e1s\u00e1ba, melynek f\u0151 v\u00e1llal\u00e1sa egy \u00faj szerel\u0151csarnok fel\u00e9p\u00edt\u00e9se volt. A projektmegnyit\u00f3ra 2022. 03.11-\u00e9n ker\u00fclt sor. Megb\u00edzott partnereink \u00e9s saj\u00e1t munkav\u00e1llal\u00f3ink pontos munk\u00e1j\u00e1nak k\u00f6sz\u00f6nhet\u0151en a munk\u00e1latok zavartalanul haladtak. A csarnok \u00e9p\u00edt\u00e9si munk\u00e1latai 2023.09.30-i projektz\u00e1r\u00e1sunkig befejez\u0151dtek. A csarnok\u00e9p\u00fclet elk\u00e9sz\u00fclt\u00e9vel a j\u00f6v\u0151ben 30 \u00faj munkahely megteremt\u00e9se ny\u00edlik lehet\u0151s\u00e9g a N\u00f3gr\u00e1di T\u00e9rs\u00e9gben.<br>A projekt keret\u00e9ben beszerz\u00e9sre ker\u00fclt egy PILOUS DYNAMIC 3.0 CNC automata szalagf\u0171r\u00e9szg\u00e9p, egy DMG MORI CMX 70 U CNC megmunk\u00e1l\u00f3k\u00f6zpont, valamint 2 db Garant Xpent 5 tengelyes g\u00e9psatu, tartoz\u00e9kokkal.<br>A p\u00e1ly\u00e1zat keret\u00e9ben c\u00e9g\u00fcnk meg\u00fajul\u00f3 energiarendszer telep\u00edt\u00e9s\u00e9t v\u00e1llalta, h\u0151szivatty\u00fa rendszer ker\u00fclt be\u00e9p\u00edt\u00e9sre, melynek k\u00f6sz\u00f6nhet\u0151en \u00faj csarnokunk f\u0171t\u00e9se modern, energiatakar\u00e9kos \u00e9s nagy hat\u00e9konys\u00e1g\u00fa. <br>A projekt keretei k\u00f6z\u00f6tt c\u00e9g\u00fcnk 8 munkav\u00e1llal\u00f3ja r\u00e9szt vett az OGKI Oktat\u00e1sfejleszt\u00e9si \u00e9s Gazgas\u00e1gkutat\u00f3 Int\u00e9zet Nonprofit Kft. \u00e1ltal szervezett 16 \u00f3r\u00e1s \u201eVezet\u0151i \u00e9rz\u00e9keny\u00edt\u00e9s\u201d k\u00e9pz\u00e9s\u00e9n, \u00e9s sikeresen teljes\u00edtette azt.<br>V\u00e1llalatunknak lehet\u0151s\u00e9ge ny\u00edlt tov\u00e1bb\u00e1 a p\u00e1ly\u00e1zat keretein bel\u00fcl a Consilium Hum\u00e1n Er\u0151forr\u00e1s Kft. j\u00f3volt\u00e1b\u00f3l \u201eMunkav\u00e1llal\u00f3i \u00e9rt\u00e9kel\u00e9si rendszerek\u201d megnevez\u00e9s\u0171 tan\u00e1csad\u00e1si szolg\u00e1ltat\u00e1s ig\u00e9nybev\u00e9tel\u00e9re is.<\/p>\n<a href=\"https:\/\/www.facebook.com\/KtsMetalltechnikKft\" rel=\"noopener\" target=\"_blank\"> <em style=\"background-color: #bdd9fd;color: #2a3e59\"><svg aria-hidden=\"true\"><use href=\"#tf-ti-facebook\"><\/use><\/svg><\/em> K\u00f6vessetek be minket: <\/a> <a href=\"https:\/\/ktsmetalltechnik.hu\/\" rel=\"noopener\" target=\"_blank\"> <em style=\"background-color: #bdd9fd;color: #2a3e59\"><svg aria-hidden=\"true\"><use href=\"#tf-fab-youtube\"><\/use><\/svg><\/em> <\/a>\n<img decoding=\"async\" loading=\"lazy\" width=\"2560\" height=\"1707\" src=\"https:\/\/ktsmetalltechnik.hu\/wp-content\/uploads\/2022\/08\/webfactory-ltd-NoOrDKxUfzo-unsplash-1-scaled.jpg\" title=\"webfactory-ltd-NoOrDKxUfzo-unsplash (1)\" alt=\"webfactory-ltd-NoOrDKxUfzo-unsplash (1)\" srcset=\"https:\/\/ktsmetalltechnik.hu\/wp-content\/uploads\/2022\/08\/webfactory-ltd-NoOrDKxUfzo-unsplash-1-scaled.jpg 2560w, https:\/\/ktsmetalltechnik.hu\/wp-content\/uploads\/2022\/08\/webfactory-ltd-NoOrDKxUfzo-unsplash-1-300x200.jpg 300w, https:\/\/ktsmetalltechnik.hu\/wp-content\/uploads\/2022\/08\/webfactory-ltd-NoOrDKxUfzo-unsplash-1-1024x683.jpg 1024w, https:\/\/ktsmetalltechnik.hu\/wp-content\/uploads\/2022\/08\/webfactory-ltd-NoOrDKxUfzo-unsplash-1-768x512.jpg 768w, https:\/\/ktsmetalltechnik.hu\/wp-content\/uploads\/2022\/08\/webfactory-ltd-NoOrDKxUfzo-unsplash-1-1536x1024.jpg 1536w, https:\/\/ktsmetalltechnik.hu\/wp-content\/uploads\/2022\/08\/webfactory-ltd-NoOrDKxUfzo-unsplash-1-2048x1365.jpg 2048w\" sizes=\"auto, (max-width: 2560px) 100vw, 2560px\" \/>\n<a href=\"https:\/\/ktsmetalltechnik.hu\/\" > <img decoding=\"async\" loading=\"lazy\" width=\"250\" height=\"139\" src=\"https:\/\/ktsmetalltechnik.hu\/wp-content\/uploads\/2022\/06\/kts_logo.png\" title=\"kts_logo\" alt=\"kts_logo\" srcset=\"https:\/\/ktsmetalltechnik.hu\/wp-content\/uploads\/2022\/06\/kts_logo.png 250w, https:\/\/ktsmetalltechnik.hu\/wp-content\/uploads\/2022\/06\/kts_logo-80x44.png 80w, https:\/\/ktsmetalltechnik.hu\/wp-content\/uploads\/2022\/06\/kts_logo-100x55.png 100w, https:\/\/ktsmetalltechnik.hu\/wp-content\/uploads\/2022\/06\/kts_logo-120x66.png 120w, https:\/\/ktsmetalltechnik.hu\/wp-content\/uploads\/2022\/06\/kts_logo-200x111.png 200w\" sizes=\"auto, (max-width: 250px) 100vw, 250px\" \/> <\/a>\n<a href=\"https:\/\/ktsmetalltechnik.hu\/\"> <em><svg aria-hidden=\"true\"><use href=\"#tf-far-file-text-o\"><\/use><\/svg><\/em> Adatkezel\u00e9si t\u00e1j\u00e9koztat\u00f3 <\/a> <em><svg aria-hidden=\"true\"><use href=\"#tf-ti-headphone-alt\"><\/use><\/svg><\/em> H\u00e9tf\u0151t\u0151l &#8211; P\u00e9ntekig 8:00-17:00\n\n<a href=\"https:\/\/www.facebook.com\/KtsMetalltechnikKft\"> <em style=\"background-color: #000;color: #eee\"><svg aria-hidden=\"true\"><use href=\"#tf-ti-facebook\"><\/use><\/svg><\/em> <\/a> <a href=\"https:\/\/ktsmetalltechnik.hu\/\"> <em style=\"background-color: #000;color: #eee\"><svg aria-hidden=\"true\"><use href=\"#tf-ti-youtube\"><\/use><\/svg><\/em> <\/a><!--\/themify_builder_static-->","protected":false},"excerpt":{"rendered":"<p>2024.12.11. Kit\u00fcntet\u0151 oklev\u00e9lPal\u00f3cf\u00f6ld gazdas\u00e1g\u00e1\u00e9rt K\u00f6vessetek be minket: 2023.09.30. Projekteredm\u00e9nyekGINOP Plusz-1.2.1-21-2021-03582 \u201eKomplex technol\u00f3gia fejleszt\u00e9s megval\u00f3s\u00edt\u00e1sa a KTS METALLTECHNIK Kft.-n\u00e9l\u201d 2023. szeptember 30-\u00e1n befejez\u0151d\u00f6tt az Eur\u00f3pai Uni\u00f3 \u00e9s a Magyar Korm\u00e1ny t\u00e1mogat\u00e1s\u00e1val a Sz\u00e9chenyi Terv Plusz programon bel\u00fcl ind\u00edtott GINOP Plusz-1.2.1-21-2021-03582 projekt\u00fcnk.Nagy lend\u00fclettel \u00e9s sok munk\u00e1val vetett\u00fck bele magunkat 2022-ben a p\u00e1ly\u00e1zat megval\u00f3s\u00edt\u00e1s\u00e1ba, melynek f\u0151 v\u00e1llal\u00e1sa egy [&hellip;]<\/p>\n","protected":false},"author":2,"featured_media":0,"parent":0,"menu_order":0,"comment_status":"closed","ping_status":"closed","template":"","meta":{"footnotes":""},"class_list":["post-1391","page","type-page","status-publish","hentry","has-post-title","has-post-date","has-post-category","has-post-tag","has-post-comment","has-post-author",""],"aioseo_notices":[],"jetpack_sharing_enabled":true,"builder_content":"<h3><br\/>2024.12.11.<\/h3>\n<h2>Kit\u00fcntet\u0151 oklev\u00e9l<br\/>Pal\u00f3cf\u00f6ld gazdas\u00e1g\u00e1\u00e9rt<\/h2>\n<img src=\"https:\/\/ktsmetalltechnik.hu\/wp-content\/uploads\/2024\/12\/Oklevel-Palocfold-gazdasagaert0001-00-scaled.jpg\" title=\"Oklev\u00e9l Pal\u00f3cf\u00f6ld gazdas\u00e1g\u00e1\u00e9rt0001-00\" alt=\"Oklev\u00e9l Pal\u00f3cf\u00f6ld gazdas\u00e1g\u00e1\u00e9rt0001-00\" srcset=\"https:\/\/ktsmetalltechnik.hu\/wp-content\/uploads\/2024\/12\/Oklevel-Palocfold-gazdasagaert0001-00-scaled.jpg 1810w, https:\/\/ktsmetalltechnik.hu\/wp-content\/uploads\/2024\/12\/Oklevel-Palocfold-gazdasagaert0001-00-212x300.jpg 212w, https:\/\/ktsmetalltechnik.hu\/wp-content\/uploads\/2024\/12\/Oklevel-Palocfold-gazdasagaert0001-00-724x1024.jpg 724w, https:\/\/ktsmetalltechnik.hu\/wp-content\/uploads\/2024\/12\/Oklevel-Palocfold-gazdasagaert0001-00-768x1086.jpg 768w, https:\/\/ktsmetalltechnik.hu\/wp-content\/uploads\/2024\/12\/Oklevel-Palocfold-gazdasagaert0001-00-1086x1536.jpg 1086w, https:\/\/ktsmetalltechnik.hu\/wp-content\/uploads\/2024\/12\/Oklevel-Palocfold-gazdasagaert0001-00-1448x2048.jpg 1448w\" sizes=\"(max-width: 1810px) 100vw, 1810px\" \/>\n<a href=\"https:\/\/www.facebook.com\/KtsMetalltechnikKft\" rel=\"noopener\" target=\"_blank\"> <em style=\"background-color:#bdd9fd;color:#2a3e59\" ><svg xmlns:xlink=\"http:\/\/www.w3.org\/1999\/xlink\" aria-hidden=\"true\"><use href=\"#tf-ti-facebook\" xlink:href=\"#tf-ti-facebook\"><\/use><\/svg><\/em> K\u00f6vessetek be minket: <\/a> <a href=\"https:\/\/ktsmetalltechnik.hu\/\" rel=\"noopener\" target=\"_blank\"> <em style=\"background-color:#bdd9fd;color:#2a3e59\" ><svg xmlns:xlink=\"http:\/\/www.w3.org\/1999\/xlink\" aria-hidden=\"true\"><use href=\"#tf-fab-youtube\" xlink:href=\"#tf-fab-youtube\"><\/use><\/svg><\/em> <\/a>\n<h3><br\/>2023.09.30.<\/h3>\n<h2>Projekteredm\u00e9nyek<br\/>GINOP Plusz-1.2.1-21-2021-03582<\/h2>\n<p><strong>\u201eKomplex technol\u00f3gia fejleszt\u00e9s megval\u00f3s\u00edt\u00e1sa a KTS METALLTECHNIK Kft.-n\u00e9l\u201d<\/strong><\/p> <p>2023. szeptember 30-\u00e1n befejez\u0151d\u00f6tt az Eur\u00f3pai Uni\u00f3 \u00e9s a Magyar Korm\u00e1ny t\u00e1mogat\u00e1s\u00e1val a Sz\u00e9chenyi Terv Plusz programon bel\u00fcl ind\u00edtott GINOP Plusz-1.2.1-21-2021-03582 projekt\u00fcnk.<br>Nagy lend\u00fclettel \u00e9s sok munk\u00e1val vetett\u00fck bele magunkat 2022-ben a p\u00e1ly\u00e1zat megval\u00f3s\u00edt\u00e1s\u00e1ba, melynek f\u0151 v\u00e1llal\u00e1sa egy \u00faj szerel\u0151csarnok fel\u00e9p\u00edt\u00e9se volt. A projektmegnyit\u00f3ra 2022. 03.11-\u00e9n ker\u00fclt sor. Megb\u00edzott partnereink \u00e9s saj\u00e1t munkav\u00e1llal\u00f3ink pontos munk\u00e1j\u00e1nak k\u00f6sz\u00f6nhet\u0151en a munk\u00e1latok zavartalanul haladtak. A csarnok \u00e9p\u00edt\u00e9si munk\u00e1latai 2023.09.30-i projektz\u00e1r\u00e1sunkig befejez\u0151dtek. A csarnok\u00e9p\u00fclet elk\u00e9sz\u00fclt\u00e9vel a j\u00f6v\u0151ben 30 \u00faj munkahely megteremt\u00e9se ny\u00edlik lehet\u0151s\u00e9g a N\u00f3gr\u00e1di T\u00e9rs\u00e9gben.<br>A projekt keret\u00e9ben beszerz\u00e9sre ker\u00fclt egy PILOUS DYNAMIC 3.0 CNC automata szalagf\u0171r\u00e9szg\u00e9p, egy DMG MORI CMX 70 U CNC megmunk\u00e1l\u00f3k\u00f6zpont, valamint 2 db Garant Xpent 5 tengelyes g\u00e9psatu, tartoz\u00e9kokkal.<br>A p\u00e1ly\u00e1zat keret\u00e9ben c\u00e9g\u00fcnk meg\u00fajul\u00f3 energiarendszer telep\u00edt\u00e9s\u00e9t v\u00e1llalta, h\u0151szivatty\u00fa rendszer ker\u00fclt be\u00e9p\u00edt\u00e9sre, melynek k\u00f6sz\u00f6nhet\u0151en \u00faj csarnokunk f\u0171t\u00e9se modern, energiatakar\u00e9kos \u00e9s nagy hat\u00e9konys\u00e1g\u00fa. <br>A projekt keretei k\u00f6z\u00f6tt c\u00e9g\u00fcnk 8 munkav\u00e1llal\u00f3ja r\u00e9szt vett az OGKI Oktat\u00e1sfejleszt\u00e9si \u00e9s Gazgas\u00e1gkutat\u00f3 Int\u00e9zet Nonprofit Kft. \u00e1ltal szervezett 16 \u00f3r\u00e1s \u201eVezet\u0151i \u00e9rz\u00e9keny\u00edt\u00e9s\u201d k\u00e9pz\u00e9s\u00e9n, \u00e9s sikeresen teljes\u00edtette azt.<br>V\u00e1llalatunknak lehet\u0151s\u00e9ge ny\u00edlt tov\u00e1bb\u00e1 a p\u00e1ly\u00e1zat keretein bel\u00fcl a Consilium Hum\u00e1n Er\u0151forr\u00e1s Kft. j\u00f3volt\u00e1b\u00f3l \u201eMunkav\u00e1llal\u00f3i \u00e9rt\u00e9kel\u00e9si rendszerek\u201d megnevez\u00e9s\u0171 tan\u00e1csad\u00e1si szolg\u00e1ltat\u00e1s ig\u00e9nybev\u00e9tel\u00e9re is.<\/p>\n<a href=\"https:\/\/www.facebook.com\/KtsMetalltechnikKft\" rel=\"noopener\" target=\"_blank\"> <em style=\"background-color:#bdd9fd;color:#2a3e59\" ><svg xmlns:xlink=\"http:\/\/www.w3.org\/1999\/xlink\" aria-hidden=\"true\"><use href=\"#tf-ti-facebook\" xlink:href=\"#tf-ti-facebook\"><\/use><\/svg><\/em> K\u00f6vessetek be minket: <\/a> <a href=\"https:\/\/ktsmetalltechnik.hu\/\" rel=\"noopener\" target=\"_blank\"> <em style=\"background-color:#bdd9fd;color:#2a3e59\" ><svg xmlns:xlink=\"http:\/\/www.w3.org\/1999\/xlink\" aria-hidden=\"true\"><use href=\"#tf-fab-youtube\" xlink:href=\"#tf-fab-youtube\"><\/use><\/svg><\/em> <\/a>\n<img src=\"https:\/\/ktsmetalltechnik.hu\/wp-content\/uploads\/2022\/08\/webfactory-ltd-NoOrDKxUfzo-unsplash-1-scaled.jpg\" title=\"webfactory-ltd-NoOrDKxUfzo-unsplash (1)\" alt=\"webfactory-ltd-NoOrDKxUfzo-unsplash (1)\" srcset=\"https:\/\/ktsmetalltechnik.hu\/wp-content\/uploads\/2022\/08\/webfactory-ltd-NoOrDKxUfzo-unsplash-1-scaled.jpg 2560w, https:\/\/ktsmetalltechnik.hu\/wp-content\/uploads\/2022\/08\/webfactory-ltd-NoOrDKxUfzo-unsplash-1-300x200.jpg 300w, https:\/\/ktsmetalltechnik.hu\/wp-content\/uploads\/2022\/08\/webfactory-ltd-NoOrDKxUfzo-unsplash-1-1024x683.jpg 1024w, https:\/\/ktsmetalltechnik.hu\/wp-content\/uploads\/2022\/08\/webfactory-ltd-NoOrDKxUfzo-unsplash-1-768x512.jpg 768w, https:\/\/ktsmetalltechnik.hu\/wp-content\/uploads\/2022\/08\/webfactory-ltd-NoOrDKxUfzo-unsplash-1-1536x1024.jpg 1536w, https:\/\/ktsmetalltechnik.hu\/wp-content\/uploads\/2022\/08\/webfactory-ltd-NoOrDKxUfzo-unsplash-1-2048x1365.jpg 2048w\" sizes=\"(max-width: 2560px) 100vw, 2560px\" \/>\n<a href=\"https:\/\/ktsmetalltechnik.hu\/\"> <img src=\"https:\/\/ktsmetalltechnik.hu\/wp-content\/uploads\/2022\/06\/kts_logo.png\" title=\"kts_logo\" alt=\"kts_logo\" srcset=\"https:\/\/ktsmetalltechnik.hu\/wp-content\/uploads\/2022\/06\/kts_logo.png 250w, https:\/\/ktsmetalltechnik.hu\/wp-content\/uploads\/2022\/06\/kts_logo-80x44.png 80w, https:\/\/ktsmetalltechnik.hu\/wp-content\/uploads\/2022\/06\/kts_logo-100x55.png 100w, https:\/\/ktsmetalltechnik.hu\/wp-content\/uploads\/2022\/06\/kts_logo-120x66.png 120w, https:\/\/ktsmetalltechnik.hu\/wp-content\/uploads\/2022\/06\/kts_logo-200x111.png 200w\" sizes=\"(max-width: 250px) 100vw, 250px\" \/> <\/a>\n<a href=\"https:\/\/ktsmetalltechnik.hu\/\"> <em ><svg xmlns:xlink=\"http:\/\/www.w3.org\/1999\/xlink\" aria-hidden=\"true\"><use href=\"#tf-far-file-text-o\" xlink:href=\"#tf-far-file-text-o\"><\/use><\/svg><\/em> Adatkezel\u00e9si t\u00e1j\u00e9koztat\u00f3 <\/a> <em ><svg xmlns:xlink=\"http:\/\/www.w3.org\/1999\/xlink\" aria-hidden=\"true\"><use href=\"#tf-ti-headphone-alt\" xlink:href=\"#tf-ti-headphone-alt\"><\/use><\/svg><\/em> H\u00e9tf\u0151t\u0151l - P\u00e9ntekig 8:00-17:00\n\n<a href=\"https:\/\/www.facebook.com\/KtsMetalltechnikKft\"> <em style=\"background-color:#000;color:#eee\" ><svg xmlns:xlink=\"http:\/\/www.w3.org\/1999\/xlink\" aria-hidden=\"true\"><use href=\"#tf-ti-facebook\" xlink:href=\"#tf-ti-facebook\"><\/use><\/svg><\/em> <\/a> <a href=\"https:\/\/ktsmetalltechnik.hu\/\"> <em style=\"background-color:#000;color:#eee\" ><svg xmlns:xlink=\"http:\/\/www.w3.org\/1999\/xlink\" aria-hidden=\"true\"><use href=\"#tf-ti-youtube\" xlink:href=\"#tf-ti-youtube\"><\/use><\/svg><\/em> <\/a>","_links":{"self":[{"href":"https:\/\/ktsmetalltechnik.hu\/index.php?rest_route=\/wp\/v2\/pages\/1391","targetHints":{"allow":["GET"]}}],"collection":[{"href":"https:\/\/ktsmetalltechnik.hu\/index.php?rest_route=\/wp\/v2\/pages"}],"about":[{"href":"https:\/\/ktsmetalltechnik.hu\/index.php?rest_route=\/wp\/v2\/types\/page"}],"author":[{"embeddable":true,"href":"https:\/\/ktsmetalltechnik.hu\/index.php?rest_route=\/wp\/v2\/users\/2"}],"replies":[{"embeddable":true,"href":"https:\/\/ktsmetalltechnik.hu\/index.php?rest_route=%2Fwp%2Fv2%2Fcomments&post=1391"}],"version-history":[{"count":13,"href":"https:\/\/ktsmetalltechnik.hu\/index.php?rest_route=\/wp\/v2\/pages\/1391\/revisions"}],"predecessor-version":[{"id":1985,"href":"https:\/\/ktsmetalltechnik.hu\/index.php?rest_route=\/wp\/v2\/pages\/1391\/revisions\/1985"}],"wp:attachment":[{"href":"https:\/\/ktsmetalltechnik.hu\/index.php?rest_route=%2Fwp%2Fv2%2Fmedia&parent=1391"}],"curies":[{"name":"wp","href":"https:\/\/api.w.org\/{rel}","templated":true}]}}